{"id":95,"date":"2019-10-10T23:15:14","date_gmt":"2019-10-10T23:15:14","guid":{"rendered":"http:\/\/miplancelular.mx\/index.php\/oneline-home\/"},"modified":"2019-10-21T23:29:05","modified_gmt":"2019-10-21T23:29:05","slug":"oneline-home","status":"publish","type":"page","link":"https:\/\/miplancelular.mx\/","title":{"rendered":"Planes Telcel"},"content":{"rendered":"\n<p>Al contratar o renovar tu Plan Telcel Max Sin L\u00edmite obtendr\u00e1s grandes beneficios;<\/p>\n\n\n\n<p><strong>Llamadas, mensajes y redes sociales ilimitados.<\/strong><\/p>\n\n\n\n<p><strong>El doble de MB inclu\u00eddos en tu plan.<\/strong><\/p>\n\n\n\n<p><strong>Los mejores smartphones.<\/strong><\/p>\n\n\n\n<p><strong>Pregunta por las opciones de financiamiento de equipo con cargo a tu factura Telcel.<\/strong><\/p>\n\n\n\n<p>Visita el sitio oficial de <strong><a href=\"https:\/\/www.telcel.com\/personas\/telefonia\/planes-de-renta\/tarifas-y-opciones\/telcel-max-sin-limite?&amp;campaignid=1728365683&amp;network=g&amp;device=c&amp;gclid=Cj0KCQjwrrXtBRCKARIsAMbU6bFhHZXbfo9HbO8qrE4k5QsFJKMERQ35vFNQF8KImhB7K1zfdjclNnoaAm-QEALw_wcB&amp;gclsrc=aw.ds\">Telcel <\/a><\/strong>para conocer los Planes y Tarifas.<\/p>\n","protected":false},"excerpt":{"rendered":"<p>Al contratar o renovar tu Plan Telcel Max Sin L\u00edmite obtendr\u00e1s grandes beneficios; Llamadas, mensajes y redes sociales ilimitados. El doble de MB inclu\u00eddos en tu plan. Los mejores smartphones.<\/p>\n<p class=\"more-link\"><a href=\"https:\/\/miplancelular.mx\/\" class=\"readmore\">Continue reading<span class=\"screen-reader-text\">Planes Telcel<\/span><\/a><\/p>\n","protected":false},"author":1,"featured_media":140,"parent":0,"menu_order":0,"comment_status":"closed","ping_status":"closed","template":"","meta":{"footnotes":""},"class_list":["post-95","page","type-page","status-publish","has-post-thumbnail","hentry"],"_links":{"self":[{"href":"https:\/\/miplancelular.mx\/index.php\/wp-json\/wp\/v2\/pages\/95","targetHints":{"allow":["GET"]}}],"collection":[{"href":"https:\/\/miplancelular.mx\/index.php\/wp-json\/wp\/v2\/pages"}],"about":[{"href":"https:\/\/miplancelular.mx\/index.php\/wp-json\/wp\/v2\/types\/page"}],"author":[{"embeddable":true,"href":"https:\/\/miplancelular.mx\/index.php\/wp-json\/wp\/v2\/users\/1"}],"replies":[{"embeddable":true,"href":"https:\/\/miplancelular.mx\/index.php\/wp-json\/wp\/v2\/comments?post=95"}],"version-history":[{"count":4,"href":"https:\/\/miplancelular.mx\/index.php\/wp-json\/wp\/v2\/pages\/95\/revisions"}],"predecessor-version":[{"id":144,"href":"https:\/\/miplancelular.mx\/index.php\/wp-json\/wp\/v2\/pages\/95\/revisions\/144"}],"wp:featuredmedia":[{"embeddable":true,"href":"https:\/\/miplancelular.mx\/index.php\/wp-json\/wp\/v2\/media\/140"}],"wp:attachment":[{"href":"https:\/\/miplancelular.mx\/index.php\/wp-json\/wp\/v2\/media?parent=95"}],"curies":[{"name":"wp","href":"https:\/\/api.w.org\/{rel}","templated":true}]}}